s the remainder when 1 + -3 + 1116/12 is divided by 23?
22
Let f = 100 + -64. Calculate the remainder when 69 is divided by f.
33
Let p = 1 + 11. What is the remainder when 45 is divided by p?
9
Let o(j) = -j**2 + 3*j + 11. Calculate the remainder when 103/4 - (-1)/4 is divided by o(4).
5
Suppose x + 0*x - 13 = 0. Let l(h) = 19*h**2 - 15*h + 2. Calculate the remainder when l(2) is divided by x.
9
Let h = -10 + 17. Let a(n) = n**2 + 5*n + 6. Let q be a(-5). Let w = q + h. What is the remainder when 25 is divided by w?
12
Suppose 5*p + 2*t - 78 = 5*t, 0 = 3*t - 12. What is the remainder when 86 is divided by p?
14
Let n = -8 + 18. Suppose 2*d - 6*d - p + 154 = 0, -43 = -d + 2*p. Calculate the remainder when d is divided by n.
9
Let p(q) = -q - 7. Let z be p(-6). Calculate the remainder when (-770)/(-21) - 2/3 is divided by ((-57)/(-6))/z*-2.
17
Suppose 3*b + g = 201, -2*b + 3*g - g = -134. Calculate the remainder when b is divided by 17.
16
Let m(j) = j**3 + 4*j**2 - j. Let n be m(-4). Suppose -3*p - 6 = -6*p, -n*p = 4*k - 40. Calculate the remainder when k is divided by 5.
3
What is the remainder when 15 is divided by 4/(-8 - -4) - -3?
1
Let i = 38 + -20. Calculate the remainder when (-4)/i - 114/(-27) is divided by 2.
0
Calculate the remainder when 4/(-8) + 1015/10 is divided by 28.
17
Let o(t) = -10*t + 8. Calculate the remainder when o(-3) is divided by (-2 - -15)/(2 - 1).
12
What is the remainder when ((-36)/(-8) + -4)*48 is divided by 1/(8/(-26))*-4?
11
Let d(c) = 3*c - 13. What is the remainder when d(12) is divided by 4?
3
Let m(z) = z**3 + 19*z**2 + z + 25. What is the remainder when 28 is divided by m(-19)?
4
Let a(g) = g**3 - 6*g**2 + 1. Let q be a(6). Suppose 15 + q = -4*r, -2*r - 28 = -4*u. Suppose u*j = -0*j + 55. What is the remainder when 20 is divided by j?
9
Suppose 5*m - 168 = -5*o - 3, 2*m + 5*o = 57. Calculate the remainder when 49*3 - (100 - 95) is divided by m.
34
Let q = -4 + 4. Suppose q = 2*n + 2*n + 5*g - 72, -g - 9 = -n. Calculate the remainder when n is divided by 4.
1
Let x = -30 - -59. What is the remainder when x is divided by 16?
13
Let k(n) = 7*n - 3. Let t = 7 + -3. Let q(r) = -r + 22. Calculate the remainder when k(t) is divided by q(13).
7
Let j = 0 - -2. Let g = 14 + -11. Suppose -12 = -4*u + g*b, -u = -0*u + 3*b - 3. What is the remainder when u is divided by j?
1
Suppose -3*a - 87 = -2*m + 2*a, 5*m = 2*a + 270. Calculate the remainder when m is divided by 29.
27
Calculate the remainder when 1960/25 - 4/10 is divided by 40.
38
Let x be (-27)/(-3)*2/6. Let l(u) = 2*u. Let j be l(5). Suppose j - 55 = -x*s. Calculate the remainder when 28 is divided by s.
13
Let w(z) = -10*z + 9. Let a be w(-6). Suppose -a = -5*y + 2*l + 42, -l + 60 = 3*y. Calculate the remainder when y is divided by (-4)/(-14) + 75/7.
10
Suppose -3*y + 14 + 43 = 0. What is the remainder when y is divided by 7?
5
Let k(v) = -v**3 - 9*v**2 - 2*v - 16. Calculate the remainder when 3 is divided by k(-9).
1
Let g be 30/4 + (-1)/(-2). Let l(y) be the first derivative of -y**3/3 + 4*y**2 + 7*y + 12. What is the remainder when l(g) is divided by 5?
2
Let o be 7/2 + (-6)/12. Suppose -2*s = -s - o. Let j = 6 - 4. Calculate the remainder when s is divided by j.
1
Let z = -5 - -71. Calculate the remainder when z is divided by 23.
20
Let g(x) = -x. Let b be ((-5)/3)/((-3)/9). Let k(m) = m - 11. Let a be k(b). What is the remainder when 16 is divided by g(a)?
4
What is the remainder when 22 is divided by 9/15 + 228/20?
10
Let v(b) = -19 + 11*b + 2*b**2 + b**2 + 4*b - 4*b**2. What is the remainder when 12 is divided by v(13)?
5
Suppose -5*g - 2*f = -27, 0 = -4*g + 6*g - 5*f - 5. Suppose -g*i + 129 = 39. Calculate the remainder when i is divided by 7.
4
Let c(k) = k**2 - 1. Let p be c(-2). Let q(m) = -2*m**2 + 0 + m - 1 + p*m**2. What is the remainder when q(-5) is divided by 10?
9
Suppose -2*q + 122 = 72. Calculate the remainder when 52 is divided by q.
2
Suppose -5*w + 5*t + 232 = -53, -4*w + 5*t = -233. What is the remainder when 152 is divided by w?
48
Let k be (-129)/(-5) + 24/(-30). Let j = k - 12. What is the remainder when j is divided by 5?
3
Let t be (-1 - -4)*(-420)/(-18). Let x = t - 32. Calculate the remainder when x is divided by 20.
18
Let s be (-31)/(-5) - 2/10. Let g be ((-1)/(-3))/(6/72). Suppose -3*x + s = 0, g*x + 21 = -3*i + 77. What is the remainder when i is divided by 9?
7
Let s(o) = -7*o + 1. Let v be s(-2). Suppose -2*l + 5*l - v = 0. Suppose 26 = -3*f + l*f - d, -5*f + 78 = 4*d. What is the remainder when f is divided by 8?
6
Suppose -62 = -u + 2*x, 4*x - 334 = -5*u - 80. Let y(s) = -s**2 - 2*s + 206. Calculate the remainder when u is divided by y(-15).
10
Suppose 4*p - 2*p - 24 = 0. Calculate the remainder when p is divided by 7.
5
Suppose 2*a = 31 + 47. What is the remainder when a is divided by (-96)/(-10) - 2/(-5)?
9
Suppose 5*j = j + 4. Let u = 1 - j. Suppose 0*r + 4*r - 62 = -5*a, u = 4*a - r - 58. Calculate the remainder when 26 is divided by a.
12
Let f = 3 - 1. Suppose -4*i - o - f*o + 21 = 0, 9 = 3*o. Suppose 0 = -0*p + 5*p - 10. What is the remainder when i is divided by p?
1
Let x(v) = v**3 - 7*v**2 - 3*v + 17. What is the remainder when x(8) is divided by 20?
17
Let r(b) = 11*b**2 - 3*b + 3. Let g(u) = u - 4. Let i be g(5). Let d be (-4)/4 + i*3. What is the remainder when r(d) is divided by 14?
13
Let g be -4*(3/2)/1. Let v(p) = -p - 1. Let h be v(g). Let i(n) = 3*n + 4. What is the remainder when 56 is divided by i(h)?
18
Let b = -73 + 87. Calculate the remainder when 49 is divided by b.
7
Let s(h) = h**2 - 2*h + 3. Let v be s(2). Let y = v + -1. Let c = -233 - -238. Calculate the remainder when c is divided by y.
1
What is the remainder when 14 is divided by 13/3 + (-7)/21?
2
Suppose 0 = 4*l - 8 - 4. What is the remainder when 10 is divided by l?
1
Suppose -d - 21 = 4*u + 2*d, 3*u - 4*d = 3. Let m(w) = -10*w**2 + 2*w - 3. Let q be m(u). Let n = -52 - q. Calculate the remainder when n is divided by 16.
15
Suppose 4*c - 66 + 11 = -3*y, 5*y - 55 = -3*c. Calculate the remainder when (4/5)/((-1)/(-35)) is divided by c.
8
Suppose -3*s + 0*p = p - 158, 4*s = -5*p + 229. Calculate the remainder when s is divided by 27.
24
Let w = -12 + 31. Suppose 0 = 4*f + 6*p - p - 37, 3*f + 2*p = w. Calculate the remainder when 11 is divided by f.
2
Let u(y) = y**3 + 17*y**2 - 18*y + 10. Let w(t) be the third derivative of t**4/4 - t**3/2 - t**2. Calculate the remainder when w(7) is divided by u(-18).
9
Let p = -2 - -19. Calculate the remainder when 49 is divided by p.
15
Suppose -u + 5*l + 87 = 9*l, l + 365 = 4*u. Calculate the remainder when u is divided by 32.
27
Suppose 4*c - 4*h = 92, -4*c - h + 0*h = -67. Calculate the remainder when c is divided by 5.
3
Suppose 4*j - 22 + 2 = 0. Suppose -3*p - 5*t - 2 = -3, -j*p = 4*t - 6. What is the remainder when 2 is divided by p?
0
Let b be 4/(-6) + (-2328)/(-9). Suppose 0 = -q + 2*q + 4*g - 96, -3*q + b = -3*g. Let f = q - 50. What is the remainder when f is divided by 13?
12
Suppose -3*q = -2*q + 4*o + 14, -5*o = 3*q + 14. Suppose x + 10 = -3*l, -4*l + l = -3*x + 6. Calculate the remainder when 10 is divided by ((x - -3) + q)/1.
2
Suppose 0*m - 5*m - 30 = 0. What is the remainder when 23 is divided by 3/m + (-50)/(-4)?
11
What is the remainder when 32 is divided by 2/(-6) - 238/(-21)?
10
Let l = -149 + 186. What is the remainder when 105 is divided by l?
31
What is the remainder when 30 is divided by 102/9 - (-3)/(-9)?
8
Let a = -7 - -9. Suppose 0 = -5*g - 3*l + 85, 0 = -a*g + 5*l + 46 - 12. What is the remainder when g is divided by 10?
7
Suppose 4*a - 36 = 4*h, h = -4*a - 2*h + 50. Suppose 0*g = 3*g - 93. Calculate the remainder when g is divided by a.
9
Let l = -17 + 30. What is the remainder when 1/(1/50*1) is divided by l?
11
Let v = 904 - 588. What is the remainder when 23 is divided by v/26 - (-6)/(-39)?
11
Suppose -10*h + 87 = -13. Suppose -5*a + 5*w = 2*w - 288, -2*w = 5*a - 283. Suppose -3*x - 6 = -a. Calculate the remainder when x is divided by h.
7
Suppose 0 = 4*h + 2*c - 5*c - 191, c + 137 = 3*h. Calculate the remainder when h is divided by 12.
8
Suppose p + 2 + 3 = 0, -2*d - 2*p = -72. What is the remainder when d is divided by 14?
13
Suppose 7 = j + 2*z, -4*j - 5*z + 25 